f o?
4
Suppose -3*c + 16 = d, 0*d - 20 = -3*c - 5*d. Let z be 1674/30 + 1/c. Suppose 4*j + z = 6*j. What is the units digit of j?
8
Suppose -24*m = -26*m + 192. Let s = m - 61. What is the units digit of s?
5
Let z(a) = a**3 - 3*a**2 - 5*a + 4. Let v be z(4). Suppose -5*m + 15 = v, -2*m - 47 = -5*f - m. What is the units digit of f?
0
Let c(i) = -i + 156. Let w be c(0). Suppose -33*t + 29*t + w = 0. What is the units digit of t?
9
Let d = 1337 + -791. What is the units digit of d?
6
Let o(j) = -j**3 + 12*j**2 + 2*j + 15. Let k(m) = -2*m - 14. Let f be k(0). Let g = -2 - f. What is the units digit of o(g)?
9
Suppose -2*s + 635 = 5*j, -40*s = -42*s - 4*j + 634. What is the units digit of s?
5
Suppose -42*q = -73*q + 11005. What is the tens digit of q?
5
Let o be (-1 - (-3 + 1))*-38. Let v = 22 - 32. Let l = v - o. What is the units digit of l?
8
Let g be 12/3 + (-3 - -4). Let k = 3 + g. Suppose 60 = -k*x + 13*x. What is the units digit of x?
2
Suppose 0 = -5*m - 15, 2*w - 3*m = -0*w - 595. What is the hundreds digit of w*(-1)/(-2)*-1?
1
Let b = 377 - 641. Let n = -134 - b. What is the hundreds digit of n?
1
Suppose 3*q - 13784 = -2*s, 361*s - 357*s = 4*q - 18412. What is the units digit of q?
8
Let l = 694 + -448. What is the tens digit of l?
4
Let q be 10/5 + -2 - 306. What is the tens digit of q/15*(1 + 7/(-2))?
5
Suppose -24775 = -10*b + 17655. What is the hundreds digit of b?
2
Let v(b) = -b**3 + 7*b**2 - 7*b + 5. Let w be v(5). Suppose 0 = 3*o + o - w. What is the units digit of o?
5
Let r = 35 - 30. Suppose -18 = -t - f - 2*f, 0 = -3*t - r*f + 58. What is the units digit of t?
1
Let c be 0/(6/3*-1). What is the tens digit of (1 - 3) + 34 + c?
3
Suppose 0 = -3*b + 2*z + 107, 0*z - 4*z + 149 = 5*b. What is the units digit of b/2*16/12?
2
Let g(z) = 7*z**2 - 4*z. Let o be g(-2). Suppose 0*q + 2*q + 36 = 0. Let h = q + o. What is the tens digit of h?
1
Suppose -107 - 181 = -5*j - d, -2 = d. Let n = j + 45. What is the tens digit of n?
0
Let p = -13 - -13. Suppose -15*h + h + 1890 = p. What is the tens digit of h?
3
Suppose 72*a - 76*a = -8072. What is the thousands digit of a?
2
Let y(d) = -d**2 + d - 1. Let t(z) = -z**3 + 10*z**2 - 12*z - 5. Let c(h) = -t(h) - y(h). Let q be c(8). Let r = 18 + q. What is the tens digit of r?
4
Suppose -y = -4, -4*y + 3 = f - 16. Suppose 0 = f*j - j + 98. Let t = 70 + j. What is the units digit of t?
1
Let u(c) = c**2 - c + 19. Let s = 5 - 19. Let k = s - -14. What is the units digit of u(k)?
9
Let q(d) = 35*d + 12. Let x be q(10). What is the tens digit of (0 - 4/((-8)/x)) + 2?
8
Suppose 26 = 5*g - 4. Let b(m) = -3*m**2 - 2*m + 5. Let c(d) = 2*d**2 + 3*d - 6. Let q(x) = -3*b(x) - 4*c(x). What is the units digit of q(g)?
9
Suppose -2*h - 5 + 11 = 0. Suppose 0 = 5*n - h*n + 4*l + 6, n - 3*l = 17. Suppose -n*w = -4*w - 6. What is the units digit of w?
6
What is the units digit of (3 - (-108)/(-16))/(48/(-4736))?
0
Let t be 6 - ((-1)/1 + 3). Let m = 0 - -3. Let z = t - m. What is the units digit of z?
1
Let i(w) = 37*w**2 - 3*w - 6. What is the hundreds digit of i(-2)?
1
Suppose 4*w + 317 = 937. Suppose 2*a - 172 = -z, 5*a - 700 - w = -5*z. Suppose -z = -3*g - 35. What is the tens digit of g?
4
Let a be (2/(-6))/(9/(-243)). Suppose -10*v + a*v = 0. Suppose 2*o - 47 - 1 = v. What is the tens digit of o?
2
Suppose 2*z + 5*x + 195 = 0, 6*z = 10*z - 2*x + 354. Suppose 0 = -2*o + 3*k + 319, 3*k - 562 = -5*o + 183. Let r = z + o. What is the tens digit of r?
6
Let q(f) = 7*f + 1. Let c be (-6 - -5) + 0/(-2). Let z be q(c). What is the units digit of 2/z + (-186)/(-18)?
0
Suppose 5*d + 50 = -80. Let a = d - -62. What is the units digit of a?
6
Let j(n) be the first derivative of n**3/3 - 3*n**2/2 - 8*n + 18. Let r = 11 + -3. What is the tens digit of j(r)?
3
Let j(h) be the second derivative of h**3/3 + 24*h**2 + 28*h - 2. What is the units digit of j(-19)?
0
Let v(q) = q**2 + 2*q. Let g be v(-5). Suppose -4*l - 2*j = -12, 3*j = 2*l + 1 - g. What is the units digit of 46 - (2 + (l - 2))?
2
Let v(o) = -o + 3. Let z be v(-13). Suppose -3*f = -4*f + z. What is the tens digit of f?
1
Let c = 23 - 13. Let y(k) = 17 - c - 5*k**2 - 2*k**3 + 2*k**3 - k**3 + 4*k. What is the units digit of y(-6)?
9
Let u be -1*(-1 + 2) - 2. Let o = u + 6. Suppose 0*j = o*r + j - 66, 4*r + 2*j = 90. What is the tens digit of r?
2
Suppose 9*g - 102 = 12*g. Let u = g - -51. What is the units digit of u?
7
Suppose 5*m + 5*d - 4595 = 0, -18*m + 4*d - 1848 = -20*m. What is the tens digit of m?
1
What is the hundreds digit of -10 - 27/(81/(-3660))?
2
Let w = 19 - 21. Let a be (-8 - -4)*10/8. Let d = w - a. What is the units digit of d?
3
Suppose 4*d = -v - 0 + 18, -d - 2*v + 8 = 0. Suppose -2 = m - d. What is the units digit of (1/(-2))/(m/(-92))?
3
What is the tens digit of (-1)/(1/(-64)*4)?
1
Suppose 81*f - 5*u + 881 = 83*f, 0 = f + 3*u - 442. What is the tens digit of f?
3
Let d(o) = -5 + 4*o + 5 - 7 + 5*o. What is the tens digit of d(5)?
3
Suppose 2091 + 679 = 10*j. What is the tens digit of j?
7
Suppose 3 = -3*m, 0*q - 5*q + 234 = -4*m. Suppose 0 = 41*d - q*d + 715. What is the hundreds digit of d?
1
Let f(q) = 2*q**3 - 2*q + 1. Suppose 0 = -5*b, 0 = j - 6*j + 3*b + 10. What is the tens digit of f(j)?
1
Let k be (-2)/(-11) - (-37030)/(-22). What is the units digit of 6/8 - k/44?
9
Let r = 7422 + -4213. What is the thousands digit of r?
3
Suppose 116 = 4*c - 0*c. Let b(k) = -k**3 - 17*k**2 - 40*k + 18. Let w be b(-14). Let h = w + c. What is the units digit of h?
9
What is the tens digit of 1120/42*(-456)/(-20)?
0
Let x = -14 - -14. Suppose 0 = -x*z - z + 2. Suppose 0 = 4*w - g - 87 - 122, w + z*g = 41. What is the units digit of w?
1
Let j(n) = 194*n**3 - 3*n**2 + 9*n - 5. What is the hundreds digit of j(1)?
1
Let b = -101 + 57. Let c = -259 - -122. What is the tens digit of c/(-2) - (-66)/b?
6
Let m(i) = 5*i - 15. Let o(f) = f. Let u(j) = m(j) - 6*o(j). Let d be u(-15). Suppose d = -3*h + 54 + 39. What is the units digit of h?
1
Let c(s) = 2*s**3 + s**2 - s. Let j be c(-1). Let w be j/(3 + -2 - 4). Suppose w = x + x - 36. What is the units digit of x?
8
Suppose -p = -0*p - 241. What is the tens digit of p?
4
Suppose -1112 = -2*y - 8*u + 13*u, -3*u + 2718 = 5*y. What is the units digit of y?
6
Let b(d) = d**3 + 45*d**2 + 7*d - 13. What is the thousands digit of b(-43)?
3
Let q(s) = 6 - 12 + 13*s + 7 - 4*s. What is the tens digit of q(3)?
2
Suppose 2*u - d = -12, u + 1 = d - 5. Let t = u - -30. Suppose 0 = -5*s + i + t, 3*i + 9 + 15 = 3*s. What is the units digit of s?
4
Suppose z = 5*q - 17250, 118*q = 121*q + z - 10350. What is the hundreds digit of q?
4
Suppose -4*a + 0*q = -2*q - 82, -2*a = 5*q - 11. Let o = a + -19. What is the tens digit of o/(-5) - (-318)/10?
3
Suppose 3*t = -n + 1934, -7*n + 4*n - 3 = 0. What is the tens digit of t?
4
Let v = 49 - 32. Let b = v + -16. Suppose j - 3*j = m + b, 5*m - 6 = j. What is the units digit of m?
1
Let u = -2345 + 3035. What is the units digit of u?
0
Let o = 1861 + -1116. What is the hundreds digit of o?
7
Suppose -3*d = -18 - 3. Suppose -d*m = m - 1304. What is the hundreds digit of m?
1
Suppose 45*y = 46*y + 9. Let q(x) = x**2 - x + 26. Let h be q(0). Let o = y + h. What is the units digit of o?
7
Suppose 0 = -0*a + 3*a. Let k be 89 + a + -3 + 5. Let t = -55 + k. What is the tens digit of t?
3
Let x(g) = 11*g**3 - g + 2. Let j = 5 + -3. What is the tens digit of x(j)?
8
What is the hundreds digit of (5 - (-226)/(-3))/(4/(-24))?
4
Let s(r) = r**3 + 15*r**2 + r + 18. Let k = -46 + 31. Let f be s(k). Suppose f*v - 3*x = -6*x + 231, 0 = -5*v - 4*x + 385. What is the units digit of v?
7
Suppose -2*i = -3 - 3. Suppose -i*q + 547 - 56 = 4*z, -3*q = 2*z - 253. What is the hundreds digit of z?
1
Suppose -13*a + 2451 = -6428. What is the units digit of a?
3
Suppose 216 = -4*x + 8*x. Let v = x + 5. What is the tens digit of v?
5
Let x(z) = z**3 + 20*z**2 - 4*z + 43. What is the tens digit of x(-20)?
2
Let y be -1 + ((-11670)/6)/(-5). Let v = 602 - y. What is the hundreds digit of v?
2
Let h(p) = 2*p**2 + 11*p - 13. What is the units digit of h(7)?
2
Let s = 246 + -57. What is the tens digit of 1/((-3)/(-2))*s?
2
Let b = 44 + -26. What is the units digit of -2 + b/3 - -30?
4
Suppose -5*m - 2*v = -4*m - 367